{"id":9,"date":"2015-11-14T10:59:24","date_gmt":"2015-11-14T09:59:24","guid":{"rendered":"http:\/\/yeahyeahmedia.fr\/?page_id=9"},"modified":"2019-06-21T11:40:32","modified_gmt":"2019-06-21T09:40:32","slug":"a-propos","status":"publish","type":"page","link":"https:\/\/yeahyeahmedia.fr\/index.php\/a-propos\/","title":{"rendered":"\u00c0 PROPOS"},"content":{"rendered":"<p><div class=\"fusion-fullwidth fullwidth-box nonhundred-percent-fullwidth non-hundred-percent-height-scrolling\"  style='background-color: #282929;background-position: left top;background-repeat: no-repeat;padding-top:20px;padding-right:0px;padding-bottom:20px;padding-left:0px;margin-bottom: -50px;border-top-width:0px;border-bottom-width:0px;border-color:#3e3e3e;border-top-style:solid;border-bottom-style:solid;'><div class=\"fusion-builder-row fusion-row \"><div  class=\"fusion-layout-column fusion_builder_column fusion_builder_column_1_1  fusion-one-full fusion-column-first fusion-column-last 1_1\"  style='margin-top:0px;margin-bottom:0px;'>\n\t\t\t\t\t<div class=\"fusion-column-wrapper\" style=\"padding: 0px 0px 0px 0px;background-position:left top;background-repeat:no-repeat;-webkit-background-size:cover;-moz-background-size:cover;-o-background-size:cover;background-size:cover;\"  data-bg-url=\"\">\n\t\t\t\t\t\t<div class=\"fusion-title title fusion-sep-none fusion-title-center fusion-title-size-three\" style=\"margin-top:0px;margin-bottom:20px;\"><h3 class=\"title-heading-center\">ILS ONT CHOISI YEAH YEAH MEDIA<\/h3><\/div><div class=\"fusion-sep-clear\"><\/div><div class=\"fusion-separator fusion-full-width-sep sep-none\" style=\"margin-left: auto;margin-right: auto;margin-top:40px;\"><\/div><div class=\"fusion-image-carousel fusion-image-carousel-auto\"><div class=\"fusion-carousel\" data-autoplay=\"yes\" data-columns=\"4\" data-itemmargin=\"30\" data-itemwidth=\"180\" data-touchscroll=\"yes\" data-imagesize=\"auto\" data-scrollitems=\"1\"><div class=\"fusion-carousel-positioner\"><ul class=\"fusion-carousel-holder\"><li class=\"fusion-carousel-item\"><div class=\"fusion-carousel-item-wrapper\"><div class=\"fusion-image-wrapper hover-type-none\"><img width=\"132\" height=\"160\" src=\"https:\/\/yeahyeahmedia.fr\/wp-content\/uploads\/2015\/11\/logo_client_FFT.jpg\" class=\"attachment-full size-full\" alt=\"Logo F\u00e9d\u00e9ration Fran\u00e7aise de Tennis\" loading=\"lazy\" \/><\/div><\/div><\/li><li class=\"fusion-carousel-item\"><div class=\"fusion-carousel-item-wrapper\"><div class=\"fusion-image-wrapper hover-type-none\"><img width=\"183\" height=\"160\" src=\"https:\/\/yeahyeahmedia.fr\/wp-content\/uploads\/2015\/11\/logo_client_ITF.png\" class=\"attachment-full size-full\" alt=\"Logo International Tennis Federation\" loading=\"lazy\" \/><\/div><\/div><\/li><li class=\"fusion-carousel-item\"><div class=\"fusion-carousel-item-wrapper\"><div class=\"fusion-image-wrapper hover-type-none\"><img width=\"270\" height=\"160\" src=\"https:\/\/yeahyeahmedia.fr\/wp-content\/uploads\/2015\/11\/logo_client_open_13_provence.png\" class=\"attachment-full size-full\" alt=\"Logo Open 13 provence\" loading=\"lazy\" srcset=\"https:\/\/yeahyeahmedia.fr\/wp-content\/uploads\/2015\/11\/logo_client_open_13_provence-200x119.png 200w, https:\/\/yeahyeahmedia.fr\/wp-content\/uploads\/2015\/11\/logo_client_open_13_provence.png 270w\" sizes=\"(max-width: 270px) 100vw, 270px\" \/><\/div><\/div><\/li><li class=\"fusion-carousel-item\"><div class=\"fusion-carousel-item-wrapper\"><div class=\"fusion-image-wrapper hover-type-none\"><img width=\"183\" height=\"160\" src=\"https:\/\/yeahyeahmedia.fr\/wp-content\/uploads\/2015\/11\/logo_client_WATFA.png\" class=\"attachment-full size-full\" alt=\"Logo We Are Tennis Fan Academy\" loading=\"lazy\" \/><\/div><\/div><\/li><li class=\"fusion-carousel-item\"><div class=\"fusion-carousel-item-wrapper\"><div class=\"fusion-image-wrapper hover-type-none\"><img width=\"183\" height=\"160\" src=\"https:\/\/yeahyeahmedia.fr\/wp-content\/uploads\/2015\/11\/logo_client_Nexans.jpg\" class=\"attachment-full size-full\" alt=\"Logo Nexans\" loading=\"lazy\" \/><\/div><\/div><\/li><\/ul><div class=\"fusion-carousel-nav\"><span class=\"fusion-nav-prev\"><\/span><span class=\"fusion-nav-next\"><\/span><\/div><\/div><\/div><\/div><div class=\"fusion-sep-clear\"><\/div><div class=\"fusion-separator fusion-full-width-sep sep-none\" style=\"margin-left: auto;margin-right: auto;margin-top:;\"><\/div><div class=\"fusion-clearfix\"><\/div>\n\n\t\t\t\t\t<\/div>\n\t\t\t\t<\/div><\/div><\/div><div class=\"fusion-fullwidth fullwidth-box nonhundred-percent-fullwidth non-hundred-percent-height-scrolling\"  style='background-color: #242424;background-position: left top;background-repeat: no-repeat;padding-top:5px;padding-right:0px;padding-bottom:2.5%;padding-left:0px;border-top-width:0px;border-bottom-width:0px;border-color:#3e3e3e;border-top-style:solid;border-bottom-style:solid;'><div class=\"fusion-builder-row fusion-row \"><div  class=\"fusion-layout-column fusion_builder_column fusion_builder_column_1_1  fusion-one-full fusion-column-first fusion-column-last 1_1\"  style='margin-top:0px;margin-bottom:50px;'>\n\t\t\t\t\t<div class=\"fusion-column-wrapper\" style=\"padding: 0% 15% 0% 15%;background-position:left top;background-repeat:no-repeat;-webkit-background-size:cover;-moz-background-size:cover;-o-background-size:cover;background-size:cover;\"  data-bg-url=\"\">\n\t\t\t\t\t\t<div class=\"fusion-text\"><h3 style=\"text-align: center;\">DE JOURNALISTE \u00c0 R\u00c9ALISATEUR VID\u00c9O<\/h3>\n<\/div><div class=\"fusion-sep-clear\"><\/div><div class=\"fusion-separator fusion-full-width-sep sep-none\" style=\"margin-left: auto;margin-right: auto;margin-top:5px;margin-bottom:5px;\"><\/div><div class=\"fusion-text\"><p style=\"text-align: justify;\">Journaliste r\u00e9dacteur de formation, j&rsquo;ai op\u00e9r\u00e9 le virage vers la cr\u00e9ation vid\u00e9o en 2009.<\/p>\n<p style=\"text-align: justify;\">Collaborateur de la F\u00e9d\u00e9ration Fran\u00e7aise de Tennis de 2001 \u00e0 2016, j&rsquo;ai d&rsquo;abord \u00e9crit pour les publications, les sites internet de la FFT (<a href=\"http:\/\/www.fft.fr\">www.fft.fr<\/a>, <a href=\"http:\/\/www.rolandgarros.com\">www.rolandgarros.com<\/a>, <a href=\"http:\/\/www.rolexparismasters.com\">www.rolexparismasters.com<\/a>) et leurs r\u00e9seaux sociaux.<\/p>\n<p style=\"text-align: justify;\">Une exp\u00e9rience qui m&rsquo;a appris \u00e0 raconter les histoires et ma\u00eetriser la communication corporate et \u00e9v\u00e9nementielle.<\/p>\n<p>Vid\u00e9aste ind\u00e9pendant depuis 2017, je partage d\u00e9sormais avec vous mes comp\u00e9tences audiovisuelles d\u00e9velopp\u00e9es depuis 10 ans.<\/p>\n<\/div><div class=\"imageframe-align-center\"><div class=\"imageframe-liftup imageframe-1\"><style scoped=\"scoped\">.imageframe-liftup.imageframe-1:before{-webkit-border-radius:4px;-moz-border-radius:4px;border-radius:4px;}<\/style><span style=\"-webkit-border-radius:4px;-moz-border-radius:4px;border-radius:4px;\" class=\"fusion-imageframe imageframe-none imageframe-1\"><img loading=\"lazy\" src=\"http:\/\/yeahyeahmedia.fr\/wp-content\/uploads\/2015\/11\/A_propos_Benjamin_Waldbaum_YYM.jpg\" width=\"\" height=\"\" alt=\"Pr\u00e9sentation Benjamin Waldbaum YeahYeah Media\" title=\"A_propos_Benjamin_Waldbaum_YYM\" class=\"img-responsive wp-image-1189\" srcset=\"https:\/\/yeahyeahmedia.fr\/wp-content\/uploads\/2015\/11\/A_propos_Benjamin_Waldbaum_YYM-200x111.jpg 200w, https:\/\/yeahyeahmedia.fr\/wp-content\/uploads\/2015\/11\/A_propos_Benjamin_Waldbaum_YYM-400x222.jpg 400w, https:\/\/yeahyeahmedia.fr\/wp-content\/uploads\/2015\/11\/A_propos_Benjamin_Waldbaum_YYM-600x333.jpg 600w, https:\/\/yeahyeahmedia.fr\/wp-content\/uploads\/2015\/11\/A_propos_Benjamin_Waldbaum_YYM-800x444.jpg 800w, https:\/\/yeahyeahmedia.fr\/wp-content\/uploads\/2015\/11\/A_propos_Benjamin_Waldbaum_YYM.jpg 812w\" sizes=\"(max-width: 800px) 100vw, 812px\" \/><\/span><\/div><\/div><div class=\"fusion-clearfix\"><\/div>\n\n\t\t\t\t\t<\/div>\n\t\t\t\t<\/div><\/div><\/div><\/p>\n","protected":false},"excerpt":{"rendered":"","protected":false},"author":1,"featured_media":0,"parent":0,"menu_order":3,"comment_status":"closed","ping_status":"closed","template":"100-width.php","meta":[],"_links":{"self":[{"href":"https:\/\/yeahyeahmedia.fr\/index.php\/wp-json\/wp\/v2\/pages\/9"}],"collection":[{"href":"https:\/\/yeahyeahmedia.fr\/index.php\/wp-json\/wp\/v2\/pages"}],"about":[{"href":"https:\/\/yeahyeahmedia.fr\/index.php\/wp-json\/wp\/v2\/types\/page"}],"author":[{"embeddable":true,"href":"https:\/\/yeahyeahmedia.fr\/index.php\/wp-json\/wp\/v2\/users\/1"}],"replies":[{"embeddable":true,"href":"https:\/\/yeahyeahmedia.fr\/index.php\/wp-json\/wp\/v2\/comments?post=9"}],"version-history":[{"count":60,"href":"https:\/\/yeahyeahmedia.fr\/index.php\/wp-json\/wp\/v2\/pages\/9\/revisions"}],"predecessor-version":[{"id":1553,"href":"https:\/\/yeahyeahmedia.fr\/index.php\/wp-json\/wp\/v2\/pages\/9\/revisions\/1553"}],"wp:attachment":[{"href":"https:\/\/yeahyeahmedia.fr\/index.php\/wp-json\/wp\/v2\/media?parent=9"}],"curies":[{"name":"wp","href":"https:\/\/api.w.org\/{rel}","templated":true}]}}